mon divisor of 132 and v.
12
Suppose -5*w = -4*n + 175, 4*n + 0*w - w - 179 = 0. Let u(l) = l**3 + 12*l**2 - 14*l + 5. Let q be u(-13). What is the greatest common factor of n and q?
9
Let r(s) = -8*s. Let z be r(-1). Suppose -4*v + 3 = -5. Suppose -5*w - 330 = -5*n, -4*n - v*w + 3*w + 258 = 0. What is the greatest common factor of n and z?
8
Suppose 5 + 0 = r. Suppose 3*d = 6, r*l + d = -3*d + 68. Suppose -5*t = -t - 528. Calculate the greatest common factor of t and l.
12
Let z(q) = q**2 - q. Let x be z(-1). Suppose -28*d = -33*d - 10. Let l be d/x - 1 - -23. What is the greatest common divisor of l and 7?
7
Let s = -5 - -3. Let n be (-5)/s*(26/2 - 7). Calculate the highest common factor of n and 30.
15
Let i be (-2)/((24/140)/(-6)). Suppose 0 = 2*g - 0*g - i. Calculate the greatest common divisor of g and 5.
5
Let c be 15/(-1)*78/(-195). Let i(m) = 138*m**2 - m. Let h be i(-1). Suppose -3*a = -h - 59. What is the greatest common factor of a and c?
6
Let t be (-19)/4 - (-2)/(-8). Let r(w) = -w + 2. Let m be r(-6). Let g = t + m. Calculate the highest common factor of 6 and g.
3
Let f = -21 - -28. Let q be (f + -1)/((-6)/(-16)). Calculate the highest common divisor of 48 and q.
16
Suppose 4*d + 6 = 18. Suppose 0*y = -d*y + s + 50, -5*s - 16 = -2*y. Let w = y + 36. Calculate the highest common factor of w and 6.
6
Let t(x) = -2*x**3 + 22*x**2 - 5*x + 75. Let v be t(11). Calculate the greatest common divisor of 1620 and v.
20
Let w(i) = 5*i**2 + 5*i + 1. Let d(z) = -5*z - 12. Let x be d(-2). Let p be w(x). Calculate the highest common factor of p and 33.
11
Suppose 0 = -2*v + 2 + 14. Let z be ((-174)/9)/(v/(-36)). What is the highest common divisor of z and 29?
29
Suppose -d - 4*h + 7 = -2*d, -3*d - 2*h + 21 = 0. Suppose 44 = c + d*t, 154 = 4*c - t - 106. What is the greatest common divisor of 4 and c?
4
Let j be (-1 - 2)*111/(-9). Calculate the highest common divisor of j and 3737.
37
Let m be (-12*8/(-8))/2. What is the highest common factor of m and 48?
6
Let m(i) = -3*i**3 - 9*i**2 + 9*i + 20. Let f be m(-5). Calculate the greatest common divisor of f and 2875.
125
Let t(r) = r**3 - 8*r**2 + 4. Let i be (-10)/(-65) - 102/(-13). Let x be t(i). Suppose -x*m + 19 = -25. What is the highest common factor of m and 77?
11
Suppose g + 3 = -z, -74*g - 5*z - 29 = -76*g. Suppose 5*h + 0*h - 85 = 0. Let s be (-2)/3 + h/3. Calculate the highest common divisor of g and s.
1
Let g(t) = 78*t**2 - 5*t + 20. Let y be g(4). What is the highest common divisor of 96 and y?
96
Suppose -3*l + 155 = -88. Calculate the highest common divisor of 729 and l.
81
Suppose -73 = -t + 4*y, 71*y - 67*y - 97 = -t. Calculate the greatest common divisor of t and 1360.
85
Let d(k) = k**2 - 6*k - 16. Let q = 143 - 131. Let c be d(q). What is the greatest common divisor of 112 and c?
56
Let z(v) = -v**2 + 23*v - 37. Let q be z(21). Let h = 4 + -2. What is the greatest common factor of h and q?
1
Suppose 0 = -4*k + 1166 - 66. Calculate the highest common factor of 11 and k.
11
Let y(f) = 13*f**3 - 2*f**2 + f. Let o be y(1). Let v be (-3 - -13)/(o/18). What is the highest common divisor of v and 30?
15
Let a(o) = -o**3 + 3*o**2 + 5*o - 6. Let n be a(2). Calculate the greatest common factor of 88 and n.
8
Suppose 3*o - 6*o = -24. Suppose -2*y - 2*y + 31 = 5*c, -2*c = 2*y - 12. Suppose c + 11 = 9*s. What is the highest common divisor of o and s?
2
Let s be 406/21 + -3 + 5/(-15). Suppose -96 = -0*l - 2*l. What is the greatest common divisor of s and l?
16
Suppose 28 = 4*d - 36. Let i be 3156/d - 6/(-8). What is the highest common factor of i and 22?
22
Suppose 22 = v - 2*h, 4*v - 3*v - h = 17. Let i(z) = -z**3 + 7*z + 12. Let q be i(-4). What is the highest common divisor of q and v?
12
Let q(j) = -7*j**3 - 31*j**2 + 15*j + 12. Let z be q(-5). Let m(w) = -w**3 + 3*w**2 + 6*w + 8. Let y be m(-6). What is the greatest common factor of y and z?
37
Let y(o) = -5*o + 7. Let v = -53 - -53. Let f be y(v). What is the greatest common factor of 35 and f?
7
Let q be (-3)/((10/(-16))/5). Let n be (-13)/(-1*3/q). Let k = -32 - -45. What is the highest common divisor of k and n?
13
Let r be (6/(-5 - -11))/(3/21). What is the greatest common divisor of 49 and r?
7
Let g(s) = s**2 - 7. Let t be g(-3). Let c be (-1)/(-2)*(3 + -1). Let k be (6 + -4)/(c/t). What is the highest common factor of 44 and k?
4
Let c = 118 - 55. Let i = c - 45. Calculate the highest common factor of i and 9.
9
Let k be (-1)/((-9)/(-3) - 4) - -1. Let r be 154/13 - -4*k/52. Calculate the greatest common factor of r and 12.
12
Suppose 0 = -c - 0*c + 52. Suppose 0 = -31*u + 16*u + 195. Calculate the greatest common factor of c and u.
13
Let n(p) = 22*p**2 + 2*p + 1. Let k be n(-1). Let v be (7 - 148/16)*-84. Calculate the greatest common divisor of v and k.
21
Let w be (-11271)/(-34) + 3/2. Calculate the highest common divisor of w and 3.
3
Suppose 0 = 4*v - 18 - 6. Let g be (v/4 + -1)*2. Let m be (g/2)/((-3)/(-384)). What is the greatest common factor of 16 and m?
16
Let h be 69/161 - 32/(-7). Calculate the highest common divisor of h and 235.
5
Suppose 0*m + 3*h + 48 = -4*m, -m + h = 12. Let d = 24 + m. Let t = d - 2. What is the highest common factor of t and 110?
10
Suppose -22*x + 513 - 29 = 0. Let b be (-399)/(-12) - (-2)/(-8). Calculate the greatest common factor of b and x.
11
Suppose -5*w + 45 = -0*w. Let i be 36*(2 + (-12)/w). Let k = 183 + -87. What is the greatest common divisor of k and i?
24
Let u(s) = -s**2 - 11*s + 7. Let x be u(-11). Let k be (-16)/(-8)*(16 - -1). Let v = k + 22. What is the greatest common factor of x and v?
7
Let z(b) = -7*b - 3 + 5 + 39 + 26. Let n be z(-9). Calculate the highest common factor of n and 52.
26
Let k be (-6)/(-2)*(2 + -3). Let n be -3 + k*(-2)/2. Let h be (n + (-44)/12)*-15. Calculate the highest common divisor of h and 11.
11
Suppose -6*h + 100 = -80. Calculate the greatest common divisor of h and 2.
2
Let s be (8/(-20))/((-2)/310). What is the highest common factor of s and 93?
31
Suppose -4*u - 84 = -5*y - 2*u, 34 = 2*y - u. What is the greatest common divisor of y and 232?
8
Let u = 171 - -41. Calculate the greatest common factor of u and 4.
4
Suppose 8*j + 10 = 3*j. Let z be j/((-8)/276*3). Let x be (-4)/14 + (-815)/(-35). What is the highest common factor of x and z?
23
Suppose 0 = 5*z + 12 - 137. Let n = 4 + 1. Calculate the highest common divisor of z and n.
5
Let z = -92 - -118. Calculate the greatest common factor of z and 117.
13
Let i = 316 - -197. What is the greatest common divisor of 19 and i?
19
Let o be (28/5)/((4/105)/4). Suppose 5*t = -t + o. Calculate the greatest common divisor of t and 14.
14
Suppose -3*m + 210 = 3*w, -m - 3*w = -4*m + 234. Suppose 8*z - 6 = m. Calculate the greatest common divisor of 110 and z.
10
Let l(j) = 67*j + 4. Let u be l(1). Calculate the highest common factor of 781 and u.
71
Let y(z) = z**3 - 5*z**2 - 6*z + 4. Let j be y(6). Let f be ((-2)/j)/((-2)/(-28)). Let k = 3 - f. What is the greatest common divisor of 25 and k?
5
Let b be (2/(-2))/(4408/1104 - 4). Let n be 2/3*39 - 3. Calculate the highest common factor of n and b.
23
Let c = -15 - -21. Suppose -c*u + u + 425 = 0. Calculate the greatest common divisor of u and 17.
17
Let a be (-186)/(4/(-20) + 104/(-80)). Calculate the highest common divisor of 341 and a.
31
Suppose 14*p = 833 + 497. What is the highest common divisor of 5 and p?
5
Let i = 28 + -25. Let y be 7/(14/12)*1. Suppose 3*d + d - y = -2*u, -12 = i*d. Calculate the greatest common divisor of 99 and u.
11
Let t(n) = -n - 8. Let k be t(-14). Let p be (k/(-15))/((-6)/60). What is the highest common factor of 28 and p?
4
Let i(x) = -x**2 + 5*x + 3. Let f be i(4). Let j(h) = -10*h + 6*h**2 - 3*h - f*h**2 + 5. Let n be j(-10). Calculate the highest common factor of 7 and n.
7
Suppose 5*i - 6 + 0 = j, -5*j = 4*i - 28. Suppose -2*p + 2*x + 78 + 42 = 0, -j*x = -5*p + 304. Calculate the highest common factor of p and 8.
8
Suppose -5*w = -5*v + 70, 0 = -6*v + v + w + 54. Suppose q = 5 - 2. Let m be (4 - (-12)/(-4)) + q. Calculate the greatest common factor of m and v.
2
Let f(o) = -16*o - 86. Let b be f(-6). Suppose 66 = d - 0*d - 4*r, 5*d - 3*r - 347 = 0. What is the greatest common divisor of d and b?
10
Suppose -5*